-1 + -1 + z)*1. Let k(a) = a**2 + a + 1. Calculate k(q).
1
Let p(s) = s**2 + 286 - 161 + 6*s - 125. Let t be (-44)/7 + 2/7. Determine p(t).
0
Suppose 7*c = 5*c - 3*w - 4, -c - 3*w + 1 = 0. Let h(v) = v**3 + 4*v**2 - 7*v - 12. Calculate h(c).
-2
Let s(a) = -3*a**3 - 2*a**2 - a. Let k be s(-1). Let y be (-2)/k*(-3 + 2). Let o(u) = 588*u - 480*u - 110*u. Calculate o(y).
-2
Let m(j) = 4*j + 2. Let u be (890/(-356))/(-5*1/4). Calculate m(u).
10
Let d(s) = 5 - 3*s - 2*s**2 - 1 - 7 - 2*s. Let i = 14 + 1. Let u = -18 + i. Calculate d(u).
-6
Let u(v) = -2*v**3 + 4*v**2 - 3*v - 1. Let c(z) = -2*z**3 - 9*z**2 + 12*z + 38. Let p be c(-5). Calculate u(p).
-28
Let x(g) = 5*g - 2. Let i(p) = p**2 + 10*p + 11. Let h be 12/(-4) + 1 - -1. Let y(l) = 8*l**3 + l**2 + 2*l. Let u be y(h). Let j be i(u). What is x(j)?
8
Let g(k) = 2*k - 34*k**2 - 4 + k**3 + 0*k + 15*k**2 + 11*k**2. Calculate g(8).
12
Suppose 3*m = -0*m + 18. Let j(l) = l**3 - 6*l**2 - l + 7. Let v(r) = -5*r**3 + 30*r**2 + 6*r - 36. Let o(f) = -11*j(f) - 2*v(f). Calculate o(m).
-11
Let x(h) = 2 + 50*h - 101*h + 56*h. Let f(r) = -6*r - 3. Let t(y) = 3*f(y) + 4*x(y). Calculate t(4).
7
Let b(l) = -l**2 - 38*l - 103. Let y be b(-35). Let a(d) be the first derivative of d**3/3 + d - 5. Determine a(y).
5
Let t(x) be the third derivative of x**6/120 + 3*x**5/20 + 7*x**4/24 - 11*x**3/6 - 46*x**2. Let w(o) = 0*o - 2 + 2 + 2*o + 12. Let b be w(-10). Determine t(b).
-3
Let x be 3 + -8 + 1 + 0. Let p(a) = 28*a - 317. Let i(m) = 13*m - 146. Let g(f) = 13*i(f) - 6*p(f). Calculate g(x).
0
Let t(y) = 5*y. Suppose 0 = -4*p + 3*u + 255, 8*p - 285 = 3*p - 3*u. Let r be 26/117 + p/(-27). Calculate t(r).
-10
Let p(g) = -g**3 + 7*g**2 + 12*g - 15. Let f(l) = l**3 - 7*l**2 - 11*l + 14. Let h(a) = -3*f(a) - 2*p(a). Let v = 7 + 1. What is h(v)?
-4
Let m(i) = 2*i**2 - 3*i. Let y be m(3). Suppose -5*a = 3*x + y, -2*a - 2 = -x - 5. Suppose a = 2*l - 3*l - 6. Let p(n) = n**3 + 6*n**2 - 3. Calculate p(l).
-3
Let p(i) = 5*i - 15. Let u = -1409 + 1416. What is p(u)?
20
Let b be ((-5)/50)/(8/(-80)). Let p(n) = -7*n**2 + n. What is p(b)?
-6
Let i(a) = a + 31. Let v(m) = 2*m + 55. Let f(j) = -11*i(j) + 6*v(j). Let z be (2 + 1*8)/1. What is f(z)?
-1
Let p(r) = r + 10. Suppose 48 = 3*y + 48. Calculate p(y).
10
Let b(a) = a + 6. Let x = 88 + -76. Suppose -p - x = 3*d, 4*d - 2*d + 16 = -2*p. Determine b(p).
0
Let v(p) be the third derivative of p**7/1680 - p**6/120 + p**5/5 - 15*p**2. Let d(q) be the third derivative of v(q). Let c = -24 + 28. Determine d(c).
6
Suppose -4*p - 32 = -4. Let o(d) be the first derivative of d**2/2 + 2*d + 119. Determine o(p).
-5
Let d(q) = -4*q**2 + q + 1. Let u(j) = j**2 - 9*j + 7. Suppose 0 = 2*s - 5*l - 26, -5*l - 18 = -s - 0*l. Let o be u(s). Give d(o).
-4
Let w = -43 - -48. Let o(y) = -3*y**3 - 9*y**2 + 3*y - 6. Let u(b) = 5*b**3 + 13*b**2 - 5*b + 9. Let l(h) = w*u(h) + 8*o(h). Calculate l(7).
-10
Let p(b) be the second derivative of b**4/12 - 2*b**3/3 - 5*b**2/2 - 3*b + 16. What is p(6)?
7
Suppose -6*d + 100 = -2*d. Let f(r) = 23*r**2 - 3*r - 3 - r**3 - d*r**2 + 5*r - 1. Calculate f(-3).
-1
Let q(p) = 4*p + 21. Let d(h) = h + 5. Let u(y) = -9*d(y) + 2*q(y). What is u(3)?
-6
Let m be 5 - -12*3/(-6). Let i(q) = q. What is i(m)?
-1
Let o(l) = l**2 - 9*l + 7. Let s = -88 - -90. Suppose -3*h + 10 = q, 0 = -2*q + 5*h + 7 + 13. Suppose 4*u - 25 = -5*k + 5*u, s*k - q = -3*u. Give o(k).
-13
Let d(k) be the first derivative of k + 1/2*k**2 + 15. What is d(3)?
4
Let t(y) = -14 - 19*y - y**2 - 9*y + 38*y. Determine t(8).
2
Let h = -509 + 504. Let a(i) = -i**3 - 3*i**2 + 8*i - 4. Determine a(h).
6
Let y(z) = -z**2 + z + 2. Let d be (9*4)/((-8)/16). Let t be 10/65 + 0 + d/(-39). Calculate y(t).
0
Let i(d) = -d**3 - 9*d**2 + 19*d - 44. Let a be i(-11). Let v(n) = -3*n - 16. Calculate v(a).
17
Let b(o) = 3*o**2 + o. Let m(r) = r**2 + 8*r + 4. Let f be m(-7). Let q be (14/42)/((-1)/f). What is b(q)?
4
Let m = -729/2 - -366. Let w(h) be the first derivative of 1 + m*h**2 + h. Give w(-3).
-8
Let o = -49 + 59. Suppose -4*p + o = -10. Let n(h) = 1 - 4*h - 2*h**2 - h - 2*h**2 + h**3. Determine n(p).
1
Suppose 2*f + z = 2*z, 4*z = -16. Let n(o) = o**3 - 2*o + 1. Let i(d) = -d**2 - d - 1. Let c(t) = -i(t) + n(t). Determine c(f).
0
Suppose -4*c = -5*x - 3 - 2, -2*c + 2 = -2*x. Let u(w) = w**3 + w**2 + w - 4. Determine u(c).
-4
Let m(p) = 3*p - 1. Let q be m(1). Suppose -18 = -4*o + 3*o + 3*v, 4*o - 37 = 5*v. Let c(s) = s**3 - s + 3 - 6*s**q - 2 + o - 1. Calculate c(6).
-3
Let s(x) = -x**3 - 5*x**2 + 14*x + 2. Let v be s(-7). Let p(r) be the second derivative of -1/12*r**4 + 5*r + 0 + 1/2*r**v + 5/6*r**3. Give p(4).
5
Suppose -18 = 7*z - 10*z. Let p(n) = -4*n**2 + z*n**2 + 9*n + 6 - 3*n**2 - 14. Calculate p(6).
10
Let w be (-4)/6 - (-11)/3. Let o(r) = -2*r**w + 6*r - 4*r**2 + 5 - 8 + r**3 + 0*r**2. Let y(q) = 3*q + 4. Let i be y(-3). What is o(i)?
-8
Let w(p) be the first derivative of -p**4/4 - 2*p**3 + 15*p**2/2 - 6*p + 36. What is w(-8)?
2
Let a(x) = -4 - 7*x + 12 - 14. Determine a(-2).
8
Suppose 0 = -3*u + 4*s + 95, 5*s + 146 + 9 = 5*u. Suppose -32 = -2*b - b + 4*a, -b + 5*a = -u. Let n(q) = 3 - b - 2*q + 0 + 0*q. What is n(-3)?
5
Let m(q) = -3 + 2 - q**2 + 4*q**3 + 0*q + 2*q - 1 + q. Give m(1).
4
Let p(y) = y + 7. Let n(x) = -4*x - 23. Let q(k) = -4*n(k) - 14*p(k). What is q(-5)?
-16
Let r = 75 - 74. Let p(z) = r + 9*z**2 - 4*z**2 - 4*z**2 - 3*z**2. What is p(1)?
-1
Let x(f) = -2*f**2 + 0*f**2 + 4*f**2 + 4*f + 1. Let p(j) = -2*j - 5. Let w be p(-15). Let t = -28 + w. Determine x(t).
7
Let x(r) = -5*r - 4. Let s = 92 - 155. Let a be s/13 + (-22)/143. Determine x(a).
21
Let k = -2628 + 2626. Suppose -3*o + 4*v = 6, -o + 2*v - 8 = -2*o. Let x(b) = -2 - 2*b - 2*b + b**2 - 5*b**o - b**3. Determine x(k).
-2
Suppose -2*t - 46 = -38. Let v(r) = 6*r - 15. Let q(n) = -3*n + 8. Let z(h) = t*v(h) - 7*q(h). Suppose -3 = 4*k - 15. What is z(k)?
-5
Let f = -3 - -4. Let w(d) = 7*d**2 - 1. Let o be w(-1). Let r(i) = -i**2 - 170*i + 172*i - o*i**2 + 3*i**2 - 1. Calculate r(f).
-3
Let w(k) = -8*k + 6. Let p(d) = -7*d + 5. Let c(x) = -5*p(x) + 4*w(x). Let v be 16/(-96) + (1 - (-14)/12). Suppose v = -3*f + 5. Determine c(f).
2
Let i(h) = h + 15. Suppose 34*s = -61*s - 1900. Calculate i(s).
-5
Let o(l) be the first derivative of -l**4/4 + 4*l**3/3 + 4*l**2 - 6*l - 231. Determine o(5).
9
Let g(r) = -r**3 + 3*r**2 - 2*r + 1. Let o(q) = q**2 + 6*q + 4. Let a be o(-6). Suppose a*p + p = 3*j + 17, -5*j - 15 = -5*p. Give g(j).
1
Let i(b) = -b**3 - 8*b**2 + 9*b. Suppose -2*q + 4*t = -5*q - 8, 0 = -2*q + 4*t + 8. Suppose -5*u - 8 - 37 = q. Calculate i(u).
0
Let w be (6 - (-4)/(-1))*2/(-4). Let i(c) = c**2 - c - 1. Let f(v) = -v**3 - 7*v**2 + v + 4. Let q(l) = w*f(l) - 2*i(l). What is q(-5)?
-7
Let y(o) = -222*o + 109*o + 16 + 112*o. Calculate y(11).
5
Let c(f) = 7040*f**2 - 3*f + 6*f - 7039*f**2. Calculate c(-3).
0
Suppose -2 - 8 = -5*r. Suppose 0 = -r*g + 5*g + 12. Let t be g*(-3)/12*-5. Let q(o) = -4*o - 4. Determine q(t).
16
Let w = -8 + 11. Suppose -o = w*d - 101, 128 = 4*d + o - 6. Let l(u) = d - 3*u**3 + 4*u**3 - 3*u**2 - 31. Give l(2).
-2
Let f(j) = j**3 - 2*j**2 - 3. Let z be f(3). Let a(l) = -l - l**3 + l - l + z*l**2 - 2*l**2. Let c = 0 + 3. Determine a(c).
6
Let g(q) = q**3 + 6*q**2 + 4*q. Suppose -3*k + 6*k = 3. Suppose -k = 2*m + 7. What is g(m)?
16
Let m(s) be the first derivative of s**6/120 + s**5/12 + s**4/12 + s**3/2 + 3*s**2/2 - 6*s + 44. Let l(q) be the second derivative of m(q). Determine l(-5).
-7
Let w(a) be the second derivative of -a**3/2 + 18*a**2 + 32*a + 6. Calculate w(10).
6
Let c = -1 - -4. Let t(f) = -f**3 + f**2 + 4*f + 1. Let s be t(c). Let o(z) = 2*z + 7. Determine o(s).
-3
Suppose -3*x - 5*m = 31 - 30, 1 = 3*x + 4*m. Let t(i) be the second derivative of -1/3*i**x + 1/2*i**2 - 1/12*i**4 + 0 - 7*i. Determine t(-3).
-2
Let d(r) be the first derivative of r**4/4 + 4*r**3/3 - 4*r**2 - 7*r - 3. What is d(-5)?
8
Let q(o) be the second derivative of 10*o - 2/3*o**3 + 1/6*o**4 + 0*o**2 + 0. Calculate q(3).
6
Let m(z) = 6 + 2*z + z**2 + 13*z - 2 + 0*z - 2*z. Calculate m(-11).
-18
Let h(z) = -z**3 - 25*z**2 - 18*z + 141. Let j be h(-24). Let o(k) = -k**2 - k + 3. Calculate o(j).
-3
Let f(u) = 5*u - 2*u**3 - 4*u + 6*u**3. Sup